 184 + 32. Let o be 492 + 10/(6 + -1). Calculate the greatest common divisor of o and i.
38
Let y = 1000 - 996. Suppose -i - 2*i = y*n - 5803, 0 = 5*n - 2*i - 7248. Calculate the greatest common divisor of 25 and n.
25
Suppose -47*k = 249 - 1800. Calculate the greatest common factor of 7491 and k.
33
Suppose -10144 = -35*j + 6. Let c = j + -286. Calculate the highest common factor of c and 10.
2
Let k be ((-14)/(-161) - 248444/(-1610))/((-6)/(-225)). Calculate the highest common factor of 60 and k.
30
Let l = -5 + 2. Suppose 42*d - 4721 = -563. Let o be (l*(-8)/18)/(6/d). What is the greatest common factor of o and 44?
22
Let a(p) = -3*p**3 + 59*p**2 + 31*p - 150. Let v be a(20). Suppose -4*h + 140 = -20. Calculate the greatest common divisor of v and h.
10
Let a be (-3)/(5922/5925 - 2/2). Calculate the greatest common factor of 75 and a.
75
Suppose 9*b + 0 - 18 = 0. Suppose 0 = -b*o - 10, 6*q - 875 = 2*q - o. Calculate the greatest common divisor of q and 44.
44
Suppose 5*z - o - 2798 = 528, 0 = 5*o + 5. Let u = -353 + z. Suppose 5*q + q = u. What is the greatest common divisor of q and 13?
13
Let i be (-2)/3 - (1644/(-45))/((-50)/(-3625)). What is the greatest common factor of i and 16?
8
Suppose 2*q - 205 - 425 = 0. Suppose 0 = -10*n + 792 + 608. What is the highest common factor of q and n?
35
Let w = -15162 + 15281. Let v be (204/(-30))/(4/(-10)). Calculate the highest common factor of v and w.
17
Let o = 98 + 607. Suppose 17*t = o - 195. What is the highest common divisor of t and 870?
30
Suppose 294 + 58 = 2*k. Calculate the highest common factor of k and 792.
88
Let a(c) = 3*c**2 + 2. Suppose 54*j + 11 = 65*j. Let r be a(j). What is the greatest common divisor of r and 40?
5
Let a(s) = s**3 + 17*s**2 + 27*s - 27. Let l be a(-15). Suppose 2*n + 468 = 6*n. What is the greatest common factor of n and l?
9
Suppose 5*p - 4*j + 63 + 25 = 0, -4*p - 92 = 4*j. Let r(h) = 6*h + 131. Let t be r(p). What is the highest common factor of t and 616?
11
Suppose 84*b - 78*b = -162. Let l be (40/(-10))/(b/12 - -2). Calculate the greatest common factor of 8 and l.
8
Suppose 444*o - 448*o - 5*v + 30567 = 0, 15291 = 2*o + 5*v. Calculate the greatest common factor of o and 114.
114
Suppose -c = -32 - 46. Let h(b) = 27*b**2 + b + 1. Let m be h(2). Let z = -59 + m. Calculate the highest common factor of z and c.
26
Let m = 10042 + -9510. What is the highest common divisor of m and 665?
133
Let v = -110386 + 110392. Let o be 3/6 - (-155)/2. What is the greatest common factor of o and v?
6
Suppose -f + 32 = -3*v, -v - 36 = -f + 3*v. Let j = 35 + -20. Suppose 0*u + m + 25 = 3*u, 0 = u - 5*m + j. What is the highest common divisor of u and f?
10
Suppose -6*n + 2*n - 20 = 0. Let i be (-2)/(-1)*n/(-2). Suppose -4*g + 135 = i*v, 2*v + 0*v - 156 = -5*g. Calculate the highest common divisor of 12 and g.
6
Let x be (-3 - -4)*(9 - -400). Suppose -11*t + x = -1131. What is the highest common factor of t and 90?
10
Let k be (-1305)/(-10)*((-40)/6)/(-10). What is the highest common divisor of 9483 and k?
87
Let a(r) be the first derivative of -27 - r**2 + 2/3*r**3 + 4*r. Let v be a(-5). Calculate the greatest common divisor of v and 4.
4
Let h be 9/90 + 5306/140. What is the greatest common factor of 627 and h?
19
Suppose -271 = 38*x + 1401. Let k be (-9)/(-6)*x*203/(-21). What is the highest common factor of 58 and k?
58
Let m be (-2436)/(-116) + 0 + -15. What is the highest common divisor of 2238 and m?
6
Let i be -8*((-12)/14 - (-121)/(-308)). What is the highest common factor of i and 270?
10
Let c(q) = 141*q - 183. Let y be c(2). What is the greatest common factor of y and 1991?
11
Let c = 5526 - -299. What is the greatest common divisor of 50 and c?
25
Suppose 0 = -85*w + 84*w - 4*d + 845, 0 = 2*w + 5*d - 1690. Calculate the highest common factor of w and 8957.
169
Suppose 5*w - w - 936 = 0. Suppose 3966 = 242*y - 9446 + 344. Calculate the highest common divisor of y and w.
18
Suppose -5*c + 856 + 4714 = -5*s, -c - 4*s + 1134 = 0. Calculate the greatest common factor of c and 312.
26
Let r(d) = -6*d**2 + 8*d + 21. Let y be r(9). Let q = 422 + y. What is the greatest common factor of q and 232?
29
Suppose -2*g + 2 - 5 = -m, -4*g + 19 = 3*m. Let w be m/(35/(-3)) + (-680)/14. Let u = w - -51. Calculate the greatest common divisor of 32 and u.
2
Suppose 4*f = 3*a - 80, -4*a + 4*f - 2*f + 110 = 0. Let z be ((-10)/(-330)*-11)/((-1)/24). What is the greatest common factor of z and a?
4
Suppose -2*h + 4*y + 2 = 0, 4*y = 3*h - 7 - 0. Suppose -5*w - r = -17, r + 7 = h*w - 3*r. Let g = -64 - -72. What is the highest common factor of w and g?
1
Suppose 28092 = 37*k - 34826 - 36538. What is the highest common factor of 784 and k?
112
Let b be -4 - 1 - -1*8. Let a be (350/84 - b/(-9))*14. Calculate the greatest common factor of 49 and a.
7
Let o = 10 - 10. Let k(p) = -8 - 2*p**3 - 9*p**2 - 13*p - 12*p**2 + o. Let q be k(-10). What is the highest common divisor of 22 and q?
22
Let a(n) = 150*n - 972. Let l be a(11). What is the greatest common divisor of l and 16?
2
Suppose 5*i + 4424 = z, 3*i - 31 + 22 = 0. Calculate the greatest common factor of 193 and z.
193
Let g(l) = -43*l**3 + 3*l**2 - 4*l - 11. Let h be g(-2). Let n = h + -133. Calculate the greatest common divisor of 165 and n.
55
Suppose -445 - 755 = -10*m. Suppose l + 0 = 17. Let g be l + (-4 - (-4 + 2)). What is the greatest common divisor of m and g?
15
Let a = 2318 - 2301. Let w = -1410 - -2413. What is the highest common divisor of a and w?
17
Let d(s) = 2*s**3 + 16*s**2 + 15*s + 12. Let h be d(-7). Suppose 237 = 3*c - 3*t, 4*t = h*c + 37 - 428. Calculate the greatest common divisor of c and 3.
3
Let q be 2 + -6 - (-3 - (6 - -11)). What is the greatest common factor of q and 12?
4
Let d be 21/2*70/21. Let h be 18150/d + 1 + (-6)/(-14). Calculate the greatest common divisor of h and 40.
40
Suppose -1911 = -41*v + 7683. What is the greatest common factor of 18 and v?
18
Suppose -12*z = -62*z - 455*z + 19102 + 9178. Let x be 32/6*(0 - -3). Calculate the greatest common divisor of z and x.
8
Let b(g) = -101*g + 513. Let a be b(5). Calculate the greatest common factor of a and 260.
4
Let p be 17/2 + (-7)/(-14). Let s(u) = -u**3 + 14*u**2 + 33*u + 56. Let w be s(16). Calculate the greatest common factor of p and w.
9
Let t(v) = -v**2 + 15*v - 4. Suppose -4*r - 36 = 84. Let z be (-5)/r*2 + (-35)/(-3). Let s be t(z). Calculate the highest common factor of s and 24.
8
Let i(c) = -c**3 - 6*c**2 - 10*c - 27. Let d be i(-6). Let f = 1873 + -1851. Calculate the highest common factor of d and f.
11
Suppose 2*t = 4*t - 8. Suppose -x + 7 = 3*x - 3*o, 12 = t*o. Let l be (22/x)/(8/112). What is the highest common divisor of 11 and l?
11
Let l be 10/(-5)*6/(-3). Suppose -7*v = -8*v - l. Let o be (-8)/12*((-162)/v)/(-3). Calculate the greatest common factor of 99 and o.
9
Suppose -4*s = -27*s - 2*s + 16800. What is the highest common divisor of s and 456?
24
Suppose 11*z - 3*y = 6*z + 598, -4*y = 3*z - 353. Calculate the highest common factor of 85 and z.
17
Let x = 467 + -455. Let v be 6 + -1 - (5 - x). Calculate the highest common divisor of 1200 and v.
12
Let q = -71 + 70. Let t be q/(-3)*45*(-18)/(-45). Calculate the greatest common divisor of t and 69.
3
Suppose 0 = 4*c - 0*c - 52. Suppose 12*j - 34*q + 37*q - 8313 = 0, 5*j = -q + 3460. Calculate the greatest common divisor of c and j.
13
Let f = 78 + -24. Let q be 3/((-9)/12*2)*157. Let l = -206 - q. Calculate the greatest common divisor of l and f.
54
Suppose 2*m = -4*k + 46, -1632*k = -m - 1636*k + 35. What is the highest common divisor of m and 45?
1
Let k = -44828 - -64441. What is the highest common divisor of k and 11?
11
Suppose 5*i - 308 = 4*b, -94 + 388 = 5*i + 3*b. Let v = -10685 - -10700. What is the greatest common factor of i and v?
15
Let u be -31 + -3 + (6 - 2). Let x be (198/88)/((-3)/2)*u. Let i = 282 + -147. Calculate the greatest common divisor of i and x.
45
Suppose 961 = 3*z - 2294. Suppose 2*w = z - 383. Let q be 8/18 + 2776*(-20)/(-1440). Calculate the greatest common factor of w and q.
39
Let s = 1 - -4. Let r be 18/(s + 1165/(-235)). What is the greatest common factor of 9 and r?
9
Let g be (-5 + 2624)*((-8)/12 - -1). Let v = -859 + g. What is the gre